{"id":3978,"date":"2025-02-18T14:15:04","date_gmt":"2025-02-18T14:15:04","guid":{"rendered":"https:\/\/www.strudimora.com\/?page_id=3978"},"modified":"2025-02-18T14:15:52","modified_gmt":"2025-02-18T14:15:52","slug":"cerez-politikasi","status":"publish","type":"page","link":"https:\/\/www.strudimora.com\/?page_id=3978","title":{"rendered":"\u00c7erez Politikas\u0131"},"content":{"rendered":"\t\t<div data-elementor-type=\"wp-page\" data-elementor-id=\"3978\" class=\"elementor elementor-3978\">\n\t\t\t\t\t\t<section class=\"elementor-section elementor-top-section elementor-element elementor-element-5158b412 elementor-section-boxed elementor-section-height-default elementor-section-height-default\" data-id=\"5158b412\" data-element_type=\"section\">\n\t\t\t\t\t\t<div class=\"elementor-container elementor-column-gap-default\">\n\t\t\t\t\t<div class=\"elementor-column elementor-col-100 elementor-top-column elementor-element elementor-element-11875c9\" data-id=\"11875c9\" data-element_type=\"column\">\n\t\t\t<div class=\"elementor-widget-wrap elementor-element-populated\">\n\t\t\t\t\t\t<div class=\"elementor-element elementor-element-6c441c0 elementor-widget elementor-widget-text-editor\" data-id=\"6c441c0\" data-element_type=\"widget\" data-widget_type=\"text-editor.default\">\n\t\t\t\t<div class=\"elementor-widget-container\">\n\t\t\t\t\t\t\t\t\t<p>Bu \u00c7erez Politikas\u0131 (&#8220;Politika\u201d) Ali Kemal Polat taraf\u0131ndan y\u00fcr\u00fct\u00fclen ve internet \u00fczerinden eri\u015filen ve kullan\u0131lan platformlar ve internet siteleri i\u00e7in ge\u00e7erlidir.<\/p><p>1- \u00c7erezler (Tan\u0131mlama Bilgileri)<\/p><p>Tan\u0131mlama Bilgileri ya da ba\u015fka bir deyi\u015fle \u2018\u00c7erezler\u2019 internet sitesinin d\u00fczg\u00fcn bi\u00e7imde \u00e7al\u0131\u015fmas\u0131, kullan\u0131c\u0131 deneyiminin iyile\u015ftirilmesi, sitenin geli\u015ftirilmesi ve optimize edilmesi, daha uygun, ilgi alan\u0131na uygun hale getirilmi\u015f i\u00e7erik ve reklam sunma, ziyaret\u00e7iler ve m\u00fc\u015fteriler i\u00e7in ilgi \u00e7ekici ve ki\u015fiselle\u015ftirilmi\u015f bir internet sitesi\/uygulama ve reklam portf\u00f6y\u00fc sunmak ve trafik istatistikleri olu\u015fturmak amac\u0131yla bilgisayar, tablet veya telefon gibi cihazlara yerle\u015ftirilen k\u00fc\u00e7\u00fck metin par\u00e7ac\u0131klar\u0131d\u0131r. \u00c7erezlerin i\u00e7eri\u011fi sunucu taraf\u0131nda belirlenir ve ayn\u0131 site tekrar ziyaret edildi\u011finde kullan\u0131c\u0131lar\u0131n cihazlar\u0131na yerle\u015ftirilen tan\u0131mlama bilgileri sunucu taraf\u0131ndan kullan\u0131labilir. \u00c7erezler, web sitesine kullan\u0131c\u0131n\u0131n tekrar ziyaret etti\u011fini belirten internet kullan\u0131c\u0131s\u0131n\u0131n kimlik kart\u0131 olarak d\u00fc\u015f\u00fcn\u00fclebilir. \u00c7erezler, \u2018oturum\u2019 \u00e7erezleri ve \u2018kal\u0131c\u0131\u2019 \u00e7erezleri olarak iki grupta s\u0131n\u0131fland\u0131r\u0131l\u0131r. Oturum \u00e7erezleri web sitesinden ayr\u0131lana kadar tutulan ge\u00e7ici \u00e7erezler olup kullan\u0131c\u0131n\u0131n sayfalar aras\u0131nda gezdi\u011fi s\u0131rada web sitesi taraf\u0131ndan hat\u0131rlanarak kullan\u0131lan bilgileri i\u00e7erir. Kal\u0131c\u0131 \u00e7erezler kullan\u0131c\u0131n\u0131n web sitesinden ayr\u0131ld\u0131ktan sonra bile kullan\u0131c\u0131n\u0131n cihaz\u0131nda saklanan \u00e7erezlerdir. Bu t\u00fcr \u00e7erezler web sitesinin kullan\u0131c\u0131 taraf\u0131ndan tekrar ziyaret edilmesi halinde kullan\u0131c\u0131n\u0131n web sunucusu taraf\u0131ndan hat\u0131rlanmas\u0131n\u0131 sa\u011flar ve kullan\u0131c\u0131y\u0131 tan\u0131mlay\u0131c\u0131 bilgileri i\u00e7ermez.<br \/><br \/><\/p><p>2- Hangi \u00c7erezleri Kullan\u0131yoruz?<\/p><p>G\u00fcnsan Elektrik, internet sitesinin d\u00fczg\u00fcn \u015fekilde \u00e7al\u0131\u015fabilmesi ve ziyaret\u00e7ilerinin sitede gezinme ve internet sitesinin t\u00fcm \u00f6zelliklerden yararlanmas\u0131n\u0131 sa\u011flamak amac\u0131yla genellikle anonim nitelikte olan \u00e7erezler kullanmaktad\u0131r. G\u00fcnsan Elektrik, internet sitesi \u00fczerinden, ziyaret\u00e7iye ve ilgi alanlar\u0131na \u00f6zel tan\u0131t\u0131m yapmak, promosyonlar ve pazarlama teklifleri sunmak, sa\u011fl\u0131kl\u0131 ve g\u00fcvenli bir al\u0131\u015fveri\u015f deneyimi sunmak, s\u00f6z konusu mecralar\u0131n i\u00e7eri\u011fini ziyaret\u00e7iye g\u00f6re iyile\u015ftirmek ve\/veya tercihlerini belirlemek amac\u0131yla; ziyaret\u00e7i dil tercihi, ziyaret\u00e7inin s\u00f6z konusu mecralar \u00fczerinde gezinme bilgilerini ve\/veya bu mecralar \u00fczerindeki kullan\u0131m ge\u00e7mi\u015fini izleyerek kimlik tan\u0131mlay\u0131c\u0131 bilgiler toplamaktad\u0131r.\u00a0\u00c7erezler arac\u0131l\u0131\u011f\u0131yla herhangi bir ki\u015fisel veriniz toplanmamaktad\u0131r ve saklanmamaktad\u0131r. T\u00fcm verileriniz anonimdir ve belirlenemez.<\/p><p>\u00a02.1 Zorunlu \u00c7erezler<\/p><p>Bu \u00e7erezler, \u0130nternet sitesini ziyaretiniz s\u00fcresince bir sayfadan bir sayfaya ge\u00e7i\u015fte, belirli bir s\u00fcre sonra internet sitemizi yeniden ziyaret edi\u015finizde yapm\u0131\u015f oldu\u011funuz tercihleri, \u00fcyelik ve benzeri i\u015flevleri kald\u0131\u011f\u0131 yerden devam ettirebilmek amac\u0131yla sizi hat\u0131rlamam\u0131z\u0131 sa\u011flar.<br \/><br \/><\/p><table width=\"0\"><tbody><tr><td width=\"466\"><p><strong>\u00c7EREZ T\u00dcR\u00dc<\/strong><\/p><\/td><td width=\"473\"><p><strong>A\u00c7IKLAMA<\/strong><\/p><\/td><td width=\"501\"><p><strong>\u00c7EREZLER\u0130N KONTROL\u00dc<\/strong><\/p><\/td><\/tr><tr><td width=\"466\"><p>Oturum<\/p><\/td><td width=\"473\"><p>Bu \u00e7erez ziyaretiniz s\u00fcresince bir sayfadan bir sayfaya ge\u00e7i\u015fte, belirli bir s\u00fcre sonra internet sitemizi yeniden ziyaret edi\u015finizde \u00fcyelik ve benzeri i\u015flevleri kald\u0131\u011f\u0131 yerden devam ettirebilmek amac\u0131yla sizi hat\u0131rlamam\u0131z\u0131 sa\u011flar.<\/p><\/td><td width=\"501\"><p>Taray\u0131c\u0131 ayarlar\u0131 arac\u0131l\u0131\u011f\u0131yla kabul\/ret<\/p><\/td><\/tr><tr><td width=\"466\"><p>Dil<\/p><\/td><td width=\"473\"><p>Bu \u00e7erez online ticaret sitesi ziyaret\u00e7imizin se\u00e7ti\u011fi dili kaydeder ve se\u00e7ilen dile uygun i\u00e7erik sunar.<\/p><\/td><td width=\"501\"><table width=\"0\"><tbody><tr><td width=\"3\">\u00a0<\/td><td width=\"3\">\u00a0<\/td><td width=\"273\"><p>Taray\u0131c\u0131 ayarlar\u0131 arac\u0131l\u0131\u011f\u0131yla kabul\/ret<\/p><\/td><\/tr><\/tbody><\/table><\/td><\/tr><tr><td width=\"466\"><p>Para Birimi<\/p><\/td><td width=\"473\"><p>Bu \u00e7erez online ticaret sitesi ziyaret\u00e7imizin se\u00e7ti\u011fi dili kaydeder ve se\u00e7ilen dile uygun i\u00e7erik sunar.<\/p><\/td><td width=\"501\"><p>Taray\u0131c\u0131 arac\u0131l\u0131\u011f\u0131yla kabul\/ret<\/p><\/td><\/tr><\/tbody><\/table><p>2.2 \u0130\u015flevsel ve Analitik \u00c7erezler<\/p><p>Bu \u00e7erezler, internet sitesini ziyaretiniz s\u00fcresince ger\u00e7ekle\u015ftirdi\u011finiz i\u015flemler hakk\u0131nda (en \u00e7ok t\u0131klanan ba\u011flant\u0131lar, en \u00e7ok ziyaret edilen sayfalar, ziyaret\u00e7ilerin co\u011frafi konumlar\u0131, kar\u015f\u0131la\u015f\u0131lan hata mesaj\u0131 say\u0131s\u0131 gibi) \u015fahsa \u00f6zel olmayan, genel bilgiler toplamam\u0131z\u0131 ve bu bilgileri analiz ederek hatalar\u0131 ortadan kald\u0131rmam\u0131z\u0131, web sitemizi geli\u015ftirmemizi veya iyile\u015ftirmemizi sa\u011flar.<br \/><br \/><\/p><table width=\"0\"><tbody><tr><td width=\"464\"><p><strong>\u00c7EREZ T\u00dcR\u00dc<\/strong><\/p><\/td><td width=\"474\"><p><strong>A\u00c7IKLAMA<\/strong><\/p><\/td><td width=\"502\"><p><strong>\u00c7EREZLER\u0130N KONTROL\u00dc<\/strong><\/p><\/td><\/tr><tr><td width=\"464\"><p>Google Analytics<\/p><\/td><td width=\"474\"><p>Bu \u00e7erez t\u00fcm istatistiksel verilerin toplanmas\u0131n\u0131 bu \u015fekilde sitenin sunumunun ve kullan\u0131m\u0131n\u0131n geli\u015ftirilmesini sa\u011flar. Google, bu istatistiklere toplumsal istatistikler ve ilgilere ili\u015fkin veriler eklemek suretiyle, kullan\u0131c\u0131lar\u0131 daha iyi anlamam\u0131z\u0131 sa\u011flar.\u00a0<\/p><\/td><td width=\"502\"><p>https:\/\/tools.google.com\/dlpage\/gaoptout?hl=enTaray\u0131c\u0131 ayarlar\u0131 arac\u0131l\u0131\u011f\u0131yla kabul\/ret<\/p><\/td><\/tr><tr><td width=\"464\"><p>Hotjar<\/p><\/td><td width=\"474\"><p>Bu \u00e7erez online ticaret sitesine giren kullan\u0131c\u0131lar\u0131m\u0131z\u0131n, cihaz ve i\u015fletim sistemi bilgilerini beraberinde site i\u00e7erisinde dola\u015ft\u0131klar\u0131 sayfalar\u0131 ve mouse<\/p><\/td><td width=\"502\"><table><tbody><tr><td><p>\u00a0(imle\u00e7) hareketlerini kaydederek bildirmektedir.\u00a0<\/p><\/td><td><p>Taray\u0131c\u0131 ayarlar\u0131 arac\u0131l\u0131\u011f\u0131yla kabul\/ret<\/p><\/td><\/tr><\/tbody><\/table><\/td><\/tr><\/tbody><\/table><p><br \/><br \/><\/p><p>2.3 Sosyal Medya &amp; Payla\u015f\u0131m \u00c7erezleri<\/p><p>Bu \u00e7erezler, online ticaret sitemizde yer alan i\u00e7erikleri (foto\u011fraf, video vb&#8230;) internet sitemiz \u00fczerinden kendi tercihleri do\u011frultusunda sosyal medya sitelerinde payla\u015fan ziyaret\u00e7ilerimize ait ki\u015fisel bilgi i\u00e7ermeyen istatistiki bilgilerini analiz etmemizi sa\u011flar.<br \/><br \/><\/p><table width=\"0\"><tbody><tr><td width=\"476\"><p><strong>\u00c7EREZ T\u00dcR\u00dc<\/strong><\/p><\/td><td width=\"483\"><p><strong>A\u00c7IKLAMA<\/strong><\/p><\/td><td width=\"482\"><p><strong>\u00c7EREZLER\u0130N KONTROL\u00dc<\/strong><\/p><\/td><\/tr><tr><td width=\"476\"><p>AddThis<\/p><\/td><td width=\"483\"><p>Bu \u00e7erez AddThis sosyal payla\u015f\u0131m sitesi taraf\u0131ndan olu\u015fturulmu\u015ftur. Ziyaret\u00e7inin hangi web sayfas\u0131ndan geldi\u011fi, hangi tip taray\u0131c\u0131 kulland\u0131\u011f\u0131 ve genel co\u011frafi yeri gibi baz\u0131 bilgileri toplar. Ziyaret\u00e7i AddThis&#8217;in sosyal medya i\u00e7eri\u011fi payla\u015f\u0131m arac\u0131n\u0131 i\u00e7erik payla\u015fmak i\u00e7in kullan\u0131rsa, AddThis hangi sayfalar\u0131n, ne zaman ve nas\u0131l payla\u015f\u0131ld\u0131\u011f\u0131 hakk\u0131nda veri toplar.<\/p><\/td><td width=\"482\"><p>Taray\u0131c\u0131 ayarlar\u0131 arac\u0131l\u0131\u011f\u0131yla kabul\/ret<\/p><\/td><\/tr><\/tbody><\/table><p>3- \u0130nternet Taray\u0131c\u0131s\u0131nda \u00c7erez Ayarlar\u0131 D\u00fczenleme<\/p><p>Bir\u00e7ok taray\u0131c\u0131, \u00e7erezleri otomatik olarak kabul etse de siz kabul etmek zorunda de\u011filsiniz. Kullan\u0131c\u0131lar web taray\u0131c\u0131lar\u0131 ayarlar\u0131ndan \u00e7erezleri kald\u0131rabilir. Bu ayarlar\u0131n yeri kulland\u0131\u011f\u0131n\u0131z web taray\u0131c\u0131s\u0131na g\u00f6re de\u011fi\u015fmektedir. Web taray\u0131c\u0131n\u0131zdaki &#8220;Yard\u0131m&#8221; komutlar\u0131n\u0131 kullanarak ilgili ayarlar\u0131n yerini bulabilirsiniz. G\u00fcnsan Elektrik internet sitesini ziyaret ederek \u00e7erezlerin Politika\u2019ya uyumlu olarak kullan\u0131lmas\u0131na onay vermektesiniz. Elektronik cihaz\u0131n\u0131zda \u00c7erez uygulamalar\u0131m\u0131z\u0131 kabul etmek istemiyorsan\u0131z \u00c7erez uygulamas\u0131n\u0131 reddedebilirsiniz. \u00c7erezleri reddetmeniz durumunda web sitemiz gerekti\u011fi gibi \u00e7al\u0131\u015fmayabilir veya talep etti\u011finiz hizmetlerin sunulmas\u0131 s\u0131ras\u0131nda aksakl\u0131klara neden olabilir. Daha fazla bilgi i\u00e7in: www.AboutCookies.org<br \/><br \/><\/p><p>4- G\u00fcvenlik<\/p><p>\u0130nternet sitemiz i\u00e7eri\u011fine eri\u015fim sa\u011flaman\u0131za olanak tan\u0131yacak g\u00fcvenli bir sunucu sunuyoruz. Ayr\u0131ca, bize if\u015fa etti\u011finiz bilgilerinizin g\u00fcvende, do\u011fru ve g\u00fcncel kalmas\u0131n\u0131 ve sadece kullan\u0131m amac\u0131 i\u00e7in gerekli s\u00fcre boyunca tutulmas\u0131n\u0131 sa\u011flayacak ilgili \u00f6nlemleri de al\u0131yoruz. Taraf\u0131m\u0131zdan teknik g\u00fcvenlik \u00f6nlemleri al\u0131nmakla beraber \u00e7evrimi\u00e7i yaz\u0131\u015fma ve internet \u00fczerinden al\u0131\u015fveri\u015fin do\u011fas\u0131nda olan riskleri kabul etmektesiniz. Siteler \u00fczerinden yapt\u0131\u011f\u0131n\u0131z sat\u0131n almalar, ilgili sitelerde yer alan \u015fartlar ve ko\u015fullara tabidir.<br \/><br \/><\/p><p>5- Sorumluluk Reddi<\/p><p>Di\u011fer siteleri de i\u00e7eren geni\u015f bir yelpazeye ba\u011flant\u0131 sa\u011flayabilir ve zaman zaman sitemizde \u00fc\u00e7\u00fcnc\u00fc \u015fah\u0131slar\u0131n reklamlar\u0131n\u0131 yay\u0131mlayabiliriz. Bu sitelerin ve reklam veren \u00fc\u00e7\u00fcnc\u00fc \u015fah\u0131slar\u0131n i\u00e7eri\u011fi ve gizlilik ilkelerinden ya da kullan\u0131c\u0131lar\u0131n\u0131n bilgilerini i\u015fleme yollar\u0131ndan biz sorumlu de\u011filiz. \u00d6zellikle, a\u00e7\u0131k \u015fekilde belirtilmedi\u011fi s\u00fcrece bu siteler veya reklam verenler i\u00e7in arac\u0131l\u0131k yapmay\u0131z ve onlar\u0131n ad\u0131na sunum yapma yetkisine sahip de\u011filiz.<\/p><p>\u00a0<\/p>\t\t\t\t\t\t\t\t<\/div>\n\t\t\t\t<\/div>\n\t\t\t\t\t<\/div>\n\t\t<\/div>\n\t\t\t\t\t<\/div>\n\t\t<\/section>\n\t\t\t\t<\/div>\n\t\t","protected":false},"excerpt":{"rendered":"<p>Bu \u00c7erez Politikas\u0131 (&#8220;Politika\u201d) Ali Kemal Polat taraf\u0131ndan y\u00fcr\u00fct\u00fclen ve internet \u00fczerinden eri\u015filen ve kullan\u0131lan platformlar ve internet siteleri i\u00e7in ge\u00e7erlidir. 1- \u00c7erezler (Tan\u0131mlama Bilgileri) Tan\u0131mlama Bilgileri ya da ba\u015fka bir deyi\u015fle \u2018\u00c7erezler\u2019 internet sitesinin d\u00fczg\u00fcn bi\u00e7imde \u00e7al\u0131\u015fmas\u0131, kullan\u0131c\u0131 deneyiminin iyile\u015ftirilmesi, sitenin geli\u015ftirilmesi ve optimize edilmesi, daha uygun, ilgi alan\u0131na uygun hale getirilmi\u015f i\u00e7erik ve [&hellip;]<\/p>\n","protected":false},"author":1,"featured_media":0,"parent":0,"menu_order":0,"comment_status":"closed","ping_status":"closed","template":"","meta":{"footnotes":""},"class_list":["post-3978","page","type-page","status-publish","hentry"],"aioseo_notices":[],"jetpack_sharing_enabled":true,"_links":{"self":[{"href":"https:\/\/www.strudimora.com\/index.php?rest_route=\/wp\/v2\/pages\/3978","targetHints":{"allow":["GET"]}}],"collection":[{"href":"https:\/\/www.strudimora.com\/index.php?rest_route=\/wp\/v2\/pages"}],"about":[{"href":"https:\/\/www.strudimora.com\/index.php?rest_route=\/wp\/v2\/types\/page"}],"author":[{"embeddable":true,"href":"https:\/\/www.strudimora.com\/index.php?rest_route=\/wp\/v2\/users\/1"}],"replies":[{"embeddable":true,"href":"https:\/\/www.strudimora.com\/index.php?rest_route=%2Fwp%2Fv2%2Fcomments&post=3978"}],"version-history":[{"count":4,"href":"https:\/\/www.strudimora.com\/index.php?rest_route=\/wp\/v2\/pages\/3978\/revisions"}],"predecessor-version":[{"id":3982,"href":"https:\/\/www.strudimora.com\/index.php?rest_route=\/wp\/v2\/pages\/3978\/revisions\/3982"}],"wp:attachment":[{"href":"https:\/\/www.strudimora.com\/index.php?rest_route=%2Fwp%2Fv2%2Fmedia&parent=3978"}],"curies":[{"name":"wp","href":"https:\/\/api.w.org\/{rel}","templated":true}]}}