{"id":4206,"date":"2025-03-21T11:43:24","date_gmt":"2025-03-21T11:43:24","guid":{"rendered":"https:\/\/www.strudimora.com\/?post_type=product&#038;p=4206"},"modified":"2026-01-05T10:46:34","modified_gmt":"2026-01-05T10:46:34","slug":"ayasofya-sehir-panosu","status":"publish","type":"product","link":"https:\/\/www.strudimora.com\/?product=ayasofya-sehir-panosu","title":{"rendered":"Ayasofya \u015eehir Panosu"},"content":{"rendered":"<p data-start=\"0\" data-end=\"71\"><strong data-start=\"0\" data-end=\"69\">Ayasofya ve \u00c7evresi | \u015eehir Panosu ile Tarihi Dokusuyla Evinizde!<\/strong><\/p>\n<p data-start=\"73\" data-end=\"206\">Tarihi yar\u0131madan\u0131n en ikonik noktalar\u0131ndan <strong data-start=\"116\" data-end=\"145\">Ayasofya Camii ve Meydan\u0131<\/strong>, \u015fimdi detayl\u0131 ve estetik bir tasar\u0131mla ya\u015fam alan\u0131n\u0131za ta\u015f\u0131n\u0131yor!<\/p>\n<p data-start=\"208\" data-end=\"431\">Hem <strong data-start=\"212\" data-end=\"231\">masa\u00fcst\u00fc dekoru<\/strong> hem de <strong data-start=\"239\" data-end=\"255\">duvar panosu<\/strong> olarak kullan\u0131labilen bu \u00f6zel tasar\u0131m, \u015fehrin siluetini ve tarihi dokusunu en ince ayr\u0131nt\u0131lar\u0131yla yans\u0131t\u0131yor. \u0130stanbul\u2019un b\u00fcy\u00fcleyici atmosferini her an hissetmek i\u00e7in ideal!<\/p>\n","protected":false},"excerpt":{"rendered":"<p>Ayasofya ve \u00c7evresi | \u015eehir Panosu ile Tarihi Dokusuyla Evinizde! Tarihi yar\u0131madan\u0131n en ikonik noktalar\u0131ndan Ayasofya Camii ve Meydan\u0131, \u015fimdi detayl\u0131 ve estetik bir tasar\u0131mla ya\u015fam alan\u0131n\u0131za ta\u015f\u0131n\u0131yor! Hem masa\u00fcst\u00fc dekoru hem de duvar panosu olarak kullan\u0131labilen bu \u00f6zel tasar\u0131m, \u015fehrin siluetini ve tarihi dokusunu en ince ayr\u0131nt\u0131lar\u0131yla yans\u0131t\u0131yor. \u0130stanbul\u2019un b\u00fcy\u00fcleyici atmosferini her an hissetmek [&hellip;]<\/p>\n","protected":false},"featured_media":4207,"comment_status":"open","ping_status":"closed","template":"","meta":[],"product_brand":[198],"product_cat":[254],"product_tag":[256,255],"class_list":{"0":"post-4206","1":"product","2":"type-product","3":"status-publish","4":"has-post-thumbnail","6":"product_brand-strudimora","7":"product_cat-sehir-panolari","8":"product_tag-ayasofya","9":"product_tag-istanbul","11":"first","12":"instock","13":"taxable","14":"shipping-taxable","15":"purchasable","16":"product-type-simple"},"aioseo_notices":[],"jetpack_sharing_enabled":true,"_links":{"self":[{"href":"https:\/\/www.strudimora.com\/index.php?rest_route=\/wp\/v2\/product\/4206","targetHints":{"allow":["GET"]}}],"collection":[{"href":"https:\/\/www.strudimora.com\/index.php?rest_route=\/wp\/v2\/product"}],"about":[{"href":"https:\/\/www.strudimora.com\/index.php?rest_route=\/wp\/v2\/types\/product"}],"replies":[{"embeddable":true,"href":"https:\/\/www.strudimora.com\/index.php?rest_route=%2Fwp%2Fv2%2Fcomments&post=4206"}],"wp:featuredmedia":[{"embeddable":true,"href":"https:\/\/www.strudimora.com\/index.php?rest_route=\/wp\/v2\/media\/4207"}],"wp:attachment":[{"href":"https:\/\/www.strudimora.com\/index.php?rest_route=%2Fwp%2Fv2%2Fmedia&parent=4206"}],"wp:term":[{"taxonomy":"product_brand","embeddable":true,"href":"https:\/\/www.strudimora.com\/index.php?rest_route=%2Fwp%2Fv2%2Fproduct_brand&post=4206"},{"taxonomy":"product_cat","embeddable":true,"href":"https:\/\/www.strudimora.com\/index.php?rest_route=%2Fwp%2Fv2%2Fproduct_cat&post=4206"},{"taxonomy":"product_tag","embeddable":true,"href":"https:\/\/www.strudimora.com\/index.php?rest_route=%2Fwp%2Fv2%2Fproduct_tag&post=4206"}],"curies":[{"name":"wp","href":"https:\/\/api.w.org\/{rel}","templated":true}]}}