{"id":4242,"date":"2025-04-11T16:12:31","date_gmt":"2025-04-11T16:12:31","guid":{"rendered":"https:\/\/www.strudimora.com\/?post_type=product&#038;p=4242"},"modified":"2025-04-11T16:12:31","modified_gmt":"2025-04-11T16:12:31","slug":"cockatoo","status":"publish","type":"product","link":"https:\/\/www.strudimora.com\/?product=cockatoo","title":{"rendered":"Cockatoo"},"content":{"rendered":"<p class=\"\" data-start=\"74\" data-end=\"150\"><strong data-start=\"74\" data-end=\"150\">Cockatoo \u2013 Origami Stilinde Poligonal Tablo Serisi<\/strong><\/p>\n<p class=\"\" data-start=\"152\" data-end=\"510\">Strudimora\u2019n\u0131n \u00f6zg\u00fcn bak\u0131\u015f a\u00e7\u0131s\u0131yla olu\u015fturdu\u011fu bu \u00f6zel \u00e7al\u0131\u015fmada, zarif ve dikkat \u00e7ekici bir ku\u015f t\u00fcr\u00fc olan <strong data-start=\"260\" data-end=\"288\">\u00a0Cockatoo<\/strong>&#8216;yu poligonal ve origami esintili bir yorumla kar\u015f\u0131n\u0131za \u00e7\u0131kar\u0131yoruz. Parlak beyaz t\u00fcyleri ve sar\u0131 tepesiyle tan\u0131nan bu ku\u015f, siyah fon \u00fczerinde etkileyici bir kontrast olu\u015fturarak modern dekorlara cesur bir dokunu\u015f kat\u0131yor.<\/p>\n<p class=\"\" data-start=\"512\" data-end=\"638\">50&#215;50 cm \u00f6l\u00e7\u00fcs\u00fcndeki bu \u00f6zel tablo, g\u00fc\u00e7l\u00fc \u00e7izgileri ve geometrik y\u00fczeyleriyle mekan\u0131n\u0131za hem hareket hem de zarafet getiriyor.<\/p>\n<p class=\"\" data-start=\"640\" data-end=\"735\"><strong data-start=\"640\" data-end=\"735\">Cockatoo ile duvarlar\u0131n\u0131zda zamans\u0131z ve sanatsal bir vurgu yakalay\u0131n.<\/strong><\/p>\n","protected":false},"excerpt":{"rendered":"<p>Cockatoo \u2013 Origami Stilinde Poligonal Tablo Serisi Strudimora\u2019n\u0131n \u00f6zg\u00fcn bak\u0131\u015f a\u00e7\u0131s\u0131yla olu\u015fturdu\u011fu bu \u00f6zel \u00e7al\u0131\u015fmada, zarif ve dikkat \u00e7ekici bir ku\u015f t\u00fcr\u00fc olan \u00a0Cockatoo&#8216;yu poligonal ve origami esintili bir yorumla kar\u015f\u0131n\u0131za \u00e7\u0131kar\u0131yoruz. Parlak beyaz t\u00fcyleri ve sar\u0131 tepesiyle tan\u0131nan bu ku\u015f, siyah fon \u00fczerinde etkileyici bir kontrast olu\u015fturarak modern dekorlara cesur bir dokunu\u015f kat\u0131yor. 50&#215;50 [&hellip;]<\/p>\n","protected":false},"featured_media":4243,"comment_status":"open","ping_status":"closed","template":"","meta":[],"product_brand":[198],"product_cat":[258],"product_tag":[263,260,261],"class_list":{"0":"post-4242","1":"product","2":"type-product","3":"status-publish","4":"has-post-thumbnail","6":"product_brand-strudimora","7":"product_cat-tablolar","8":"product_tag-cockatoo","9":"product_tag-papagan","10":"product_tag-tablo","12":"first","13":"instock","14":"sale","15":"taxable","16":"shipping-taxable","17":"purchasable","18":"product-type-simple"},"aioseo_notices":[],"jetpack_sharing_enabled":true,"_links":{"self":[{"href":"https:\/\/www.strudimora.com\/index.php?rest_route=\/wp\/v2\/product\/4242","targetHints":{"allow":["GET"]}}],"collection":[{"href":"https:\/\/www.strudimora.com\/index.php?rest_route=\/wp\/v2\/product"}],"about":[{"href":"https:\/\/www.strudimora.com\/index.php?rest_route=\/wp\/v2\/types\/product"}],"replies":[{"embeddable":true,"href":"https:\/\/www.strudimora.com\/index.php?rest_route=%2Fwp%2Fv2%2Fcomments&post=4242"}],"wp:featuredmedia":[{"embeddable":true,"href":"https:\/\/www.strudimora.com\/index.php?rest_route=\/wp\/v2\/media\/4243"}],"wp:attachment":[{"href":"https:\/\/www.strudimora.com\/index.php?rest_route=%2Fwp%2Fv2%2Fmedia&parent=4242"}],"wp:term":[{"taxonomy":"product_brand","embeddable":true,"href":"https:\/\/www.strudimora.com\/index.php?rest_route=%2Fwp%2Fv2%2Fproduct_brand&post=4242"},{"taxonomy":"product_cat","embeddable":true,"href":"https:\/\/www.strudimora.com\/index.php?rest_route=%2Fwp%2Fv2%2Fproduct_cat&post=4242"},{"taxonomy":"product_tag","embeddable":true,"href":"https:\/\/www.strudimora.com\/index.php?rest_route=%2Fwp%2Fv2%2Fproduct_tag&post=4242"}],"curies":[{"name":"wp","href":"https:\/\/api.w.org\/{rel}","templated":true}]}}