{"id":4444,"date":"2025-06-28T23:09:36","date_gmt":"2025-06-28T23:09:36","guid":{"rendered":"https:\/\/www.strudimora.com\/?post_type=product&#038;p=4444"},"modified":"2025-11-27T04:40:01","modified_gmt":"2025-11-27T04:40:01","slug":"brivvo-simple-small","status":"publish","type":"product","link":"https:\/\/www.strudimora.com\/?product=brivvo-simple-small","title":{"rendered":"Brivvo Simple Small"},"content":{"rendered":"<p>\ud83e\udde9 Brivvo serimize yepyeni bir model daha eklendi!<br data-start=\"101\" data-end=\"104\" \/>Minimal ve e\u011flenceli tasar\u0131m\u0131yla \u00f6ne \u00e7\u0131kan bu model, \u00e7ocuk odalar\u0131na sade ama dikkat \u00e7ekici bir dokunu\u015f kat\u0131yor. \u00dcstteki silindirik ba\u015fl\u0131k ise istedi\u011finiz renkte \u00fcretilebiliyor \u2014 b\u00f6ylece her odada farkl\u0131 bir karakter yaratmak m\u00fcmk\u00fcn! \ud83d\udca1\u2728<br data-start=\"341\" data-end=\"344\" \/>Brivvo\u2019nun ikonik blok dokusunu sevenler i\u00e7in bu model tam bir klasik aday \ud83c\udf1f<\/p>\n<p>&nbsp;<\/p>\n<p>\u00d6l\u00e7\u00fcler: 15x15x15 cm<\/p>\n","protected":false},"excerpt":{"rendered":"<p>\ud83e\udde9 Brivvo serimize yepyeni bir model daha eklendi!Minimal ve e\u011flenceli tasar\u0131m\u0131yla \u00f6ne \u00e7\u0131kan bu model, \u00e7ocuk odalar\u0131na sade ama dikkat \u00e7ekici bir dokunu\u015f kat\u0131yor. \u00dcstteki silindirik ba\u015fl\u0131k ise istedi\u011finiz renkte \u00fcretilebiliyor \u2014 b\u00f6ylece her odada farkl\u0131 bir karakter yaratmak m\u00fcmk\u00fcn! \ud83d\udca1\u2728Brivvo\u2019nun ikonik blok dokusunu sevenler i\u00e7in bu model tam bir klasik aday \ud83c\udf1f &nbsp; \u00d6l\u00e7\u00fcler: [&hellip;]<\/p>\n","protected":false},"featured_media":4445,"comment_status":"open","ping_status":"closed","template":"","meta":[],"product_brand":[198],"product_cat":[282,269],"product_tag":[275,238],"class_list":{"0":"post-4444","1":"product","2":"type-product","3":"status-publish","4":"has-post-thumbnail","6":"product_brand-strudimora","7":"product_cat-brivvo","8":"product_cat-sarkit-lamba","9":"product_tag-brivvo","10":"product_tag-sarkit","12":"first","13":"instock","14":"taxable","15":"shipping-taxable","16":"purchasable","17":"product-type-variable"},"aioseo_notices":[],"jetpack_sharing_enabled":true,"_links":{"self":[{"href":"https:\/\/www.strudimora.com\/index.php?rest_route=\/wp\/v2\/product\/4444","targetHints":{"allow":["GET"]}}],"collection":[{"href":"https:\/\/www.strudimora.com\/index.php?rest_route=\/wp\/v2\/product"}],"about":[{"href":"https:\/\/www.strudimora.com\/index.php?rest_route=\/wp\/v2\/types\/product"}],"replies":[{"embeddable":true,"href":"https:\/\/www.strudimora.com\/index.php?rest_route=%2Fwp%2Fv2%2Fcomments&post=4444"}],"wp:featuredmedia":[{"embeddable":true,"href":"https:\/\/www.strudimora.com\/index.php?rest_route=\/wp\/v2\/media\/4445"}],"wp:attachment":[{"href":"https:\/\/www.strudimora.com\/index.php?rest_route=%2Fwp%2Fv2%2Fmedia&parent=4444"}],"wp:term":[{"taxonomy":"product_brand","embeddable":true,"href":"https:\/\/www.strudimora.com\/index.php?rest_route=%2Fwp%2Fv2%2Fproduct_brand&post=4444"},{"taxonomy":"product_cat","embeddable":true,"href":"https:\/\/www.strudimora.com\/index.php?rest_route=%2Fwp%2Fv2%2Fproduct_cat&post=4444"},{"taxonomy":"product_tag","embeddable":true,"href":"https:\/\/www.strudimora.com\/index.php?rest_route=%2Fwp%2Fv2%2Fproduct_tag&post=4444"}],"curies":[{"name":"wp","href":"https:\/\/api.w.org\/{rel}","templated":true}]}}